 4) to base 12.
-1300254
-159120 (base 11) to base 4
-330021222
What is 16393b (base 12) in base 11?
23a370
-2033031 (base 4) to base 2
-10001111001101
283662 (base 11) to base 3
211120002002
Convert 375354 (base 8) to base 7.
1050226
What is -2446036 (base 11) in base 6?
-231102015
-333313303 (base 4) to base 15
-527b4
-739d1 (base 15) to base 9
-618037
-88d1 (base 16) to base 2
-1000100011010001
10010030033 (base 4) to base 6
34501555
What is 9122887 (base 10) in base 9?
18144221
-74165 (base 15) to base 8
-1317103
What is -11517 (base 13) in base 16?
-7b87
What is -27860 (base 13) in base 14?
-1cd2b
Convert -c18968 (base 13) to base 8.
-21133334
Convert -c6dd3e (base 15) to base 8.
-44062505
What is -72b02 (base 12) in base 7?
-1163612
Convert 3c09c (base 14) to base 9.
245403
What is -596d8 (base 14) in base 9?
-362210
Convert 4337656 (base 9) to base 16.
2386aa
Convert -8aa7 (base 14) to base 15.
-71de
What is 3343456 (base 8) in base 11?
567451
Convert 47923d (base 15) to base 2.
1101000011101000100110
What is 4046171 (base 8) in base 9?
2007206
Convert 248173 (base 12) to base 16.
912e7
What is -566d4 (base 15) in base 14?
-72296
-436aab (base 13) to base 7
-16323344
-69ae (base 15) to base 3
-1010210002
44106b (base 16) to base 3
22101121212022
Convert 1d1a3 (base 14) to base 16.
122bb
Convert -2111120122 (base 3) to base 12.
-24615
-64213 (base 14) to base 11
-155802
Convert 16205212 (base 8) to base 9.
7026821
What is -15524b4 (base 12) in base 14?
-80cc88
Convert -23122022020 (base 4) to base 14.
-57bcb6
720a (base 11) to base 16
2561
What is 149022 (base 13) in base 5?
112132323
What is 11100010111111110011 (base 2) in base 5?
214223104
What is 8fc953 (base 16) in base 4?
203330211103
53255 (base 15) to base 3
111101211122
What is -614721 (base 9) in base 10?
-364357
460113 (base 10) to base 6
13510053
Convert 1416177 (base 8) to base 2.
1100001110001111111
Convert -5632454 (base 7) to base 9.
-1272348
What is 15444422 (base 6) in base 13?
163772
Convert -5486a95 (base 11) to base 13.
-1cc1700
Convert -4684350 (base 11) to base 4.
-133023330330
What is -2100011 (base 5) in base 8?
-103115
Convert 1024404411 (base 5) to base 3.
11010000020020
Convert 12121120210 (base 3) to base 4.
122332221
-1c820f (base 16) to base 12
-76123b
What is 116644 (base 11) in base 2?
101101000010000100
62a51 (base 16) to base 9
675223
What is 108033 (base 9) in base 14?
19927
What is 18a753 (base 13) in base 6?
21204134
-5330544 (base 8) to base 2
-101011011000101100100
What is 403022214 (base 5) in base 12?
658306
5425303 (base 6) to base 13
950a3
What is 6252650 (base 7) in base 11?
474427
What is -24132220 (base 5) in base 13?
-7aca5
What is 435a7 (base 12) in base 13?
31663
What is -9c019 (base 14) in base 10?
-378695
13322022011 (base 4) to base 8
7721205
What is 22110202220 (base 3) in base 11?
104335
-3100032 (base 5) to base 8
-141541
What is -c473 (base 15) in base 4?
-22020210
-795b4 (base 15) to base 9
-647487
What is -1030203102 (base 4) in base 2?
-1001100100011010010
Convert 231230120 (base 4) to base 15.
3a6c5
210020000 (base 3) to base 16
3c6f
-70032 (base 8) to base 12
-14736
55066 (base 14) to base 12
9b196
What is -3446621 (base 9) in base 7?
-21552346
-194a902 (base 11) to base 13
-8b4406
What is -154211646 (base 7) in base 10?
-10389798
What is ee092 (base 16) in base 9?
1745386
What is 20021101212 (base 3) in base 15?
268ce
Convert -1a8145 (base 12) to base 3.
-212220000022
What is 11100111001011110 (base 2) in base 5?
12241431
What is 90a078 (base 13) in base 15?
4669c1
Convert 6454 (base 11) to base 9.
12626
-13550203 (base 6) to base 2
-1110001100110111011
What is 11010000000000001 (base 2) in base 10?
106497
-1005632 (base 7) to base 16
-1d381
Convert -221504 (base 7) to base 5.
-2222013
-404366 (base 8) to base 5
-13231431
88622 (base 9) to base 12
2a062
14255011 (base 6) to base 11
3049a3
Convert 233483 (base 11) to base 8.
1323641
What is -44b57a (base 13) in base 4?
-12030213101
Convert -21102011002221 (base 3) to base 5.
-2002031340
137362 (base 8) to base 3
2111001110
58b6d (base 15) to base 8
1050117
-110210012020 (base 3) to base 4
-331123332
-202112111122022 (base 3) to base 8
-51505026
Convert 6390a6 (base 11) to base 12.
413758
What is 25863 (base 15) in base 5?
12320033
What is -132312213203 (base 4) in base 8?
-36664743
What is -1002220201222 (base 3) in base 11?
-372451
What is 2143412 (base 6) in base 11?
73499
What is -101bb4b (base 13) in base 7?
-56330442
What is 9724 (base 12) in base 10?
16588
Convert -171160 (base 16) to base 9.
-2753681
-33130131 (base 4) to base 2
-1111011100011101
Convert -1102102022121 (base 3) to base 4.
-2320213231
What is -121201222001002 (base 3) in base 2?
-100001111011111000010000
What is -210211000110102 (base 3) in base 11?
-65a9507
11110101001000011110 (base 2) to base 14
1c1caa
Convert -5424515 (base 6) to base 13.
-94cca
1757581 (base 9) to base 8
3600202
Convert 160013 (base 16) to base 15.
1d730b
What is 40203335 (base 6) in base 2?
100010101010111001011
a468 (base 12) to base 9
26538
What is 604174 (base 8) in base 6?
4132140
-175420 (base 9) to base 2
-11010100110100011
What is 1021201100 (base 3) in base 13?
b69a
-59750 (base 11) to base 4
-111001012
-3040064 (base 7) to base 6
-11434405
What is -6141516 (base 8) in base 3?
-10001110011000
3300200103 (base 4) to base 5
223010412
-117329 (base 12) to base 2
-1000100111000010001
What is 11110010011111001 (base 2) in base 7?
1024651
Convert 3332021002 (base 4) to base 12.
4224aa
What is 45417 (base 13) in base 14?
33c69
Convert -1504210 (base 8) to base 10.
-428168
1010111100101101 (base 2) to base 4
22330231
What is 1b544 (base 16) in base 9?
180487
What is -1314b26 (base 13) in base 4?
-112303330120
Convert 12a461 (base 13) to base 6.
13400340
-2054364 (base 7) to base 6
-5200100
-315512 (base 7) to base 3
-2210011022
Convert -11111111000000000 (base 2) to base 11.
-8a101
What is -112311104 (base 5) in base 4?
-1330203022
-10001001000011011110 (base 2) to base 7
-4525442
Convert -1792541 (base 10) to base 9.
-3331812
Convert 1011001101011011 (base 2) to base 11.
31551
-242495 (base 11) to base 5
-44241131
Convert -ccee5 (base 16) to base 5.
-203330042
Convert -623664 (base 7) to base 5.
-11411023
12115340 (base 6) to base 2
1011101101000101100
Convert 32bbb (base 13) to base 11.
63209
Convert -12220022111 (base 3) to base 7.
-662413
6228553 (base 10) to base 15
83076d
What is 101110212010 (base 3) in base 9?
343763
What is 10524231 (base 10) in base 4?
220021121013
-c4a64 (base 16) to base 3
-1111220220110
What is 2458a (base 12) in base 8?
140072
Convert 143432440 (base 6) to base 9.
5533736
What is -a319 (base 15) in base 10?
-34449
-12040122 (base 7) to base 14
-1db582
Convert 106364461 (base 7) to base 2.
11000111011111110101101
11ef4b (base 16) to base 15
1833d1
What is -115e71 (base 15) in base 5?
-203031011
Convert -12a189 (base 11) to base 5.
-23010421
-452177 (base 14) to base 4
-20331201231
-11581 (base 11) to base 10
-16666
-367316 (base 9) to base 8
-661262
What is bcc5 (base 15) in base 2?
1001110001001010
What is 718397 (base 11) in base 9?
2146688
Convert 631725 (base 8) to base 9.
348806
What is 4c9bcc (base 15) in base 12?
12945b6
Convert -78351 (base 11) to base 9.
-182681
70922e (base 15) to base 6
310332142
-120831 (base 9) to base 14
-1c795
740537 (base 10) to base 8
2646271
123300 (base 9) to base 6
1333213
-340444 (base 12) to base 5
-203030233
What is 40441 (base 11) in base 2?
1110011011010101
7a7fdf (base 16) to base 11
4593718
What is -567470 (base 9) in base 5?
-41340401
What is 602334 (base 7) in base 6?
2102500
Convert 10311232100 (base 4) to base 11.
797155
101121111220101 (base 3) to base 11
3202024
Convert -16a551 (base 16) to base 15.
-1e4b0d
Convert -2187b24 (base 14) to base 6.
-1325201420
What is 1153103340 (base 6) in base 16?
cb06ac
Convert 100696 (base 12) to base 5.
30443220
What is -11241432 (base 5) in base 6?
-2111354
-155076 (base 9) to base 7
-545424
Convert 5164622 (base 11) to base 7.
140312601
What is 9a3512 (base 13) in base 9?
6748773
-62513443 (base 7) to base 15
-6deb9d
What is -330302021222 (base 4) in base 5?
-13034342213
Convert -26270c (base 13) to base 9.
-165